et k(g) be the second derivative of -1/3*g**3 + 0 + 1/6*g**4 + 0*g**2 + 3/20*g**5 + 25*g. What is k(-2)?
-12
Let u(f) = -7*f + 3. Let w(t) = 29*t - 13. Let p(g) = 9*u(g) + 2*w(g). Let l be 3/((-45)/(-6))*5. Give p(l).
-9
Let i(t) = -6*t + 150 - 310 - t**2 + 158. Give i(-5).
3
Let d(j) = -8*j - 3. Let s(z) = -z**2 + 25*z - 26. Let q = -89 - -113. Let k be s(q). What is d(k)?
13
Let c be (-2)/(((-44)/(-48))/11). Let w = 4 + c. Let n = -14 - w. Let q(y) = -2*y + 6. Calculate q(n).
-6
Let m = 108 + -111. Let l(v) = 3*v - 1. What is l(m)?
-10
Let i(y) = -4*y - 5. Let a be i(-2). Suppose a = 4*g - 5. Let v(q) = -4*q**3 - g*q**2 + 0*q**2 + 3 - 2 + q**2. Determine v(1).
-4
Suppose -3*z + 40 = 2*z. Suppose 4 = 4*q + z. Let c(t) be the second derivative of -t**3/3 - 3*t. Calculate c(q).
2
Let x(j) = -3 + 9 - 3*j + 13118*j**2 - 13112*j**2 - j**3. Give x(5).
16
Let p(f) be the second derivative of f**5/20 + 2*f**4/3 + 7*f**3/6 + 3*f**2/2 - 7*f. Let q(y) = 4*y - 59. Let l be q(13). Calculate p(l).
3
Let u(k) = -5*k**2. Let q(r) = r**3 + 7*r**2 + 2*r + 18. Let p be q(-7). Let m be 3/(-2) - p/(-8). Calculate u(m).
-5
Let c(r) = -13*r**2 + r - 3. Let a(z) = -7*z**2 + z - 2. Let m(u) = 11*a(u) - 6*c(u). Give m(3).
20
Let k(x) = -x**2 - 4*x + 2. Let g(d) = d**2 + 51*d - 917. Let z be g(-65). Calculate k(z).
-19
Let i(x) = -x**3 - x**2 - 3*x - 2. Let s = -67 - -77. Suppose 10*f = 5*f - s. Give i(f).
8
Let s(u) be the second derivative of u**5/20 + u**4/6 + 2*u**3/3 + 3*u**2/2 - u + 34. Calculate s(-2).
-5
Suppose 0*v + 4*v + 14 = 3*s, -v - 2 = 0. Let i(n) = 4*n**3 - 2*n**2 - 2*n + 1. Calculate i(s).
21
Suppose -38 = 4*c - 2*g, 10*c - 8*c + 23 = 5*g. Let u(y) = -y - 27. Calculate u(c).
-18
Suppose -6*n = -n. Let g = n + 1. Suppose -2*w - 9 = -g, x + 3*w + 7 = 0. Let t(m) = -m**2 + 5*m - 6. Give t(x).
-6
Let k(r) = -10*r. Suppose 0 = -29*u - 25 - 62. Give k(u).
30
Let z(h) = -h**2 + 7*h + 1. Let s(w) = -w**2 + 8*w + 1. Let i(l) = -2*s(l) + 3*z(l). Calculate i(4).
5
Let y(s) = 2*s + 15. Let v(n) = 5*n + 11. Let i be v(-4). What is y(i)?
-3
Let p(t) = -t**3 + 7 - 14*t**2 - 41*t + 8*t**2 + 36*t. What is p(-5)?
7
Let v(x) = 2*x**2 - 15*x + 6. Suppose -11*s - 393 = -481. What is v(s)?
14
Let q be 65 - 77 - (-5 - -1). Let u(b) = -b**3 - 9*b**2 - 11*b - 15. What is u(q)?
9
Suppose 3*w - 8 = w. Suppose 3*y - 83 = -5. Let h(s) = y*s - 12*s - 2 - 15*s. Calculate h(w).
-6
Let l = -1484 + 2508. Let n be l/176 + (-2)/(-11). Let a(m) = m**2 - 3*m - 8. Give a(n).
10
Let z = 29 - 34. Let s(x) = 22 + x - 19 + x**2 + 2*x + 2*x. What is s(z)?
3
Let s(o) = -o**2 - 10 + 2*o**2 + 9*o + 2 + 18. Let m be s(-8). Let h(j) = -3*j. What is h(m)?
-6
Suppose -18 = 2*w - 4*p - 2, 3*w - p + 4 = 0. Suppose 0*h + 5 = 4*v + 3*h, h - 3 = w. Let f(y) = 5*y**2 + 1. Determine f(v).
6
Let a(p) = -6*p + 5. Let l(y) = 5*y - 4. Let q(m) = -4*a(m) - 5*l(m). Let o(g) = 2*g + 3. Let s(c) = o(c) + 4*q(c). Determine s(6).
-9
Suppose 24 = 3*t + 9*t. Suppose 2*x - 4 = 3*k - 11, -4*k - x + t = 0. Let q(m) = -11*m**2 + 1. Give q(k).
-10
Let o(f) be the first derivative of -f**4/4 - 7*f**3/3 + 2*f**2 - 7*f + 116. Determine o(-8).
25
Let q(c) = -29 + 13*c - 6*c + 3*c - 5*c - 3*c. Determine q(18).
7
Let z(f) = f + 1. Let d = -24 - -35. Suppose 0 = 3*w - 4*b + 1, -d - 21 = -4*w - 3*b. Determine z(w).
6
Let o(a) = a**2 + 14*a - 44. Let s be o(-20). Let j = -80 + s. Let g(h) = 2*h - 2. What is g(j)?
-10
Let n(a) = 2*a + 12. Let r = -131 - -131. Give n(r).
12
Let t(g) be the first derivative of -g**4/4 + 4*g**3/3 - 3*g - 47. Give t(4).
-3
Let w(p) = -5*p - 13*p + 32*p - 11*p. Determine w(2).
6
Let x(d) = d**2 - d - 6. Let a be x(4). Let f(g) = -a - 2*g**2 - g + 8 - 2*g. Let h(v) = v**2 + 7*v - 3. Let t be h(-7). Determine f(t).
-7
Let d(q) = q**2 + 2*q. Let y be d(-1). Let j(m) = -m**2 + 3*m - 4. Let h(v) = -v + 1. Let w(t) = 3*h(t) + j(t). What is w(y)?
-2
Suppose v + 32 = 2*v + l, 122 = 4*v - 2*l. Let g(p) = -8*p - 32*p**2 - 2*p + v*p**2 - 2 - 5. Determine g(-6).
17
Let k(o) = 6*o + 14. Suppose -229*i + 242*i = -39. Give k(i).
-4
Let l(m) = -5*m + 3. Let i be 110/(-3 + -7) - -14. What is l(i)?
-12
Let q be ((-130)/(-585))/((-8)/(-6)). Let i(l) be the second derivative of -l - l**2 + q*l**4 + 0*l**3 + 0. Determine i(-2).
6
Let u(n) be the first derivative of n**4/4 + 3*n**3 - 5*n**2 + 6*n + 592. Give u(-10).
6
Suppose 5*g = -0*g + 25. Let p(n) = n + 5 - g*n**2 - 4*n**3 + 6*n**3 - 3*n**3. What is p(-5)?
0
Suppose 2*j + 3*b = 3, b + 0 = j - 4. Let i be (-22)/(-22)*(-4)/(8/(-6)). Let v(z) = -7 + 0*z + i - j*z. What is v(-5)?
11
Let g = 52 + -27. Let v(d) = -d - 12*d**2 + g*d**2 + 2 - 15*d**2 + 2*d**3. Calculate v(2).
8
Let j(y) be the third derivative of 0 - 1/24*y**4 - 1/60*y**5 + 1/6*y**3 + 0*y + 7*y**2. What is j(-3)?
-5
Let i(t) be the first derivative of -t**5/120 + 3*t**4/8 + 2*t**3/3 - 10. Let l(m) be the third derivative of i(m). Give l(6).
3
Let l(n) = n**2 - 10*n + 5. Suppose -4*o = o. Suppose -2*m + 5*m - 27 = o. What is l(m)?
-4
Suppose -2*o = 4*h - 4*o + 6, -2*h + 2 = 4*o. Let r = -146 - -222. Let k(w) = r + w + w**2 - 35 - 41. What is k(h)?
0
Let q(l) be the second derivative of l**3/6 + l**2 + l. Let h be (-356)/(-28) - (-4)/14. Suppose -3 + 3 = h*x. Determine q(x).
2
Let f(n) = -15 + 58*n**2 + 32*n + 14 - 30*n - 10*n**2. Calculate f(1).
49
Let o be (-9)/6 - (-121)/22. Let k(z) be the second derivative of 1/12*z**o + 0 + 3*z**2 - z**3 - 3*z. What is k(5)?
1
Let d(p) = p**2 + 13*p + 41. Let q = 1451 - 1458. What is d(q)?
-1
Suppose 0 = -7*k - 30 + 16. Let b be (0/2 - k)/((-34)/85). Let x(m) be the third derivative of m**6/120 + m**5/15 - m**4/6 + 2*m**3/3 + m**2. Determine x(b).
-1
Let j(p) = -3*p + 15. Let i = -132 - -142. Calculate j(i).
-15
Let r(x) = 4*x - 2. Let h = 485 - 484. Determine r(h).
2
Let v(i) = i**2 - 4*i - 1. Let r(z) = -3*z**2 + 9*z + 2. Let g(w) = w**3 - 3*w + 1. Let y be g(2). Let t(m) = y*r(m) + 7*v(m). Calculate t(-2).
-7
Let j be 3/(-9) + 19/3. Let q = 11 - j. Let u(m) = m**2 - 4*m - 3. Let o be u(q). Let p(v) = -4*v + 1. Determine p(o).
-7
Let u(l) = 3*l - 44. Let f(i) = 2*i - 24. Let m(c) = 5*f(c) - 3*u(c). Let h(o) = 2*o + 24. Let d = 3 + -8. Let a(s) = d*m(s) + 3*h(s). What is a(-5)?
7
Let i = 24 - 16. Let t = -13 + i. Let h(q) = 13*q + 9. Let s(f) = -4*f - 3. Let p(d) = 2*h(d) + 7*s(d). Give p(t).
7
Let o(u) be the first derivative of u**4/4 - u**3/3 - u**2/2 - 2*u + 9. Let d = 5 - 9. Let w = d + 4. Determine o(w).
-2
Let v be (-24)/32 - 5/((-60)/(-63)). Let q(z) = -z**3 - 6*z**2 + 5. What is q(v)?
5
Let q(n) = -10 + n**2 + n**2 + 6*n - n**2. Suppose 2*t - 17 = 3*w, -8*w + 3*w = -3*t + 29. What is q(w)?
-3
Let c(m) = m**3 - 13*m**2 + 13*m - 3. Let k be (4/14)/((-3)/21) - -14. Give c(k).
9
Let t(a) = 7*a**2 - 2*a - 6. Let u(p) = 9*p**2 - 2*p - 7. Let c(n) = 4*t(n) - 3*u(n). Determine c(-4).
21
Let r(s) = 6*s - 7. Let a be r(1). Let x(z) = -9*z**2 + 1. Calculate x(a).
-8
Let d(m) = m**3 + 6*m**2 + 1. Let b(t) = -3*t - 3. Let c be b(-2). Suppose 2*a - 3*a + 3*z = -c, -5*a - 15 = -5*z. Calculate d(a).
1
Let t(q) be the third derivative of -q**5/60 - 5*q**4/24 + 7*q**3/6 + q**2. Let h = -24 + 40. Let a = -21 + h. What is t(a)?
7
Let s(l) = 8*l**2 + l - 1. Let u(g) = -g**3 + 4*g**2 + 2*g - 9. Let p be u(5). Let c be (-2)/(-5) + p/(-40). Give s(c).
8
Let r be (-6)/(-27) + 136/36. Let f(w) = -10*w - 1 + 15*w + 4 - r. Suppose -t = 4*k - 3*k - 6, 3*t - 4*k + 17 = 0. What is f(t)?
4
Let s(v) be the second derivative of v**4/12 - v**3/6 + 21*v**2/2 - 676*v + 2. Suppose 2*o + 4*a - 4 = 4*o, -5*o = 5*a - 5. Give s(o).
21
Let o(b) = 4*b**2 - 6*b - 7. Let h(v) = v**2 + 1. Let n(m) = 3*h(m) - o(m). Give n(6).
10
Let j(p) = 2*p**2 - 5*p + 3. Let s(u) = 5*u**2 - 10*u + 5. Let v(a) = 7*j(a) - 3*s(a). Let g = 13 - 7. Let w = g + -11. Calculate v(w).
6
Let g(a) = 9*a + 4*a**2 + 3*a**2 - 3*a + 10 - a**3. Suppose -5*j - 4*w + 58 = -2, j + 5*w - 33 = 0. Give g(j).
-6
Suppose 2*v + 4*w + 67 = -3*v, 3*v = 4*w - 21. Let x(q) = -q**2 - 5*q + 4. Let m be x(-4). Let z = m + v. Let c(y) = y**2 + y + 2. Calculate c(z).
8
Let b(j) = j**3 - 3*j**2 + 4*j - 1. Let z(c) = -4*c**3 + 7*c**2 - 9*c + 3. Let y(t) = -t**3 - t. Let w(p) = -3*y(p) + z(p). Let f be w(6). Give b(f).
11
Let p(b) = -b**2 - 14*b - 13. Let t(i) 